f 179698279?
False
Is 55 a factor of 226647070?
False
Is 545136997 a multiple of 156?
False
Is 18 a factor of 24416021?
False
Does 95 divide 7033928?
False
Is 460761192 a multiple of 3636?
True
Is 82060160 a multiple of 14?
True
Is 1258773051 a multiple of 205?
False
Does 502 divide 23701997?
False
Does 117 divide 32390865?
True
Is 13 a factor of 67751685?
False
Is 1565 a factor of 21433231?
False
Does 191 divide 418457125?
True
Is 3 a factor of 429172927?
False
Is 82 a factor of 15693054?
False
Does 25 divide 3761271?
False
Does 15 divide 53480532?
False
Is 1878 a factor of 136203828?
True
Is 3862 a factor of 799159798?
True
Is 497671348 a multiple of 12?
False
Is 441 a factor of 366968007?
True
Is 121172607 a multiple of 399?
False
Is 1584 a factor of 12339360?
True
Does 9 divide 390141225?
True
Does 4 divide 273998588?
True
Is 2762356 a multiple of 1111?
False
Does 50 divide 92760450?
True
Is 80 a factor of 338506069?
False
Does 5 divide 631606383?
False
Is 222663080 a multiple of 124?
True
Is 8 a factor of 555580415?
False
Is 225 a factor of 1352492325?
True
Does 14 divide 17435586?
True
Does 27 divide 14053209?
False
Does 87 divide 5597993?
False
Does 217 divide 24059753?
False
Is 132 a factor of 5405158?
False
Is 406267050 a multiple of 14?
True
Is 1512 a factor of 128066400?
True
Is 14181440 a multiple of 1456?
True
Does 2441 divide 598345243?
True
Is 319728978 a multiple of 22?
False
Is 25937206 a multiple of 37?
False
Is 515 a factor of 178344630?
False
Is 478 a factor of 742916575?
False
Is 599737874 a multiple of 19?
False
Does 106 divide 150713925?
False
Does 204 divide 45461196?
True
Is 3450 a factor of 152155350?
True
Does 723 divide 12469490?
False
Is 186 a factor of 105619542?
True
Does 58 divide 4651552034?
True
Does 118 divide 830807726?
False
Is 1041 a factor of 262201470?
False
Is 458 a factor of 214538650?
True
Does 107 divide 8846974?
True
Is 3595233440 a multiple of 2924?
True
Does 638 divide 22670457?
False
Is 448 a factor of 58528960?
True
Is 61 a factor of 4412907262?
True
Does 33 divide 155906421?
True
Is 21 a factor of 26691605?
False
Is 3662 a factor of 120483462?
True
Is 21 a factor of 9738183?
True
Is 184831990 a multiple of 127?
True
Is 408276504 a multiple of 981?
True
Does 2776 divide 240087912?
True
Is 2271 a factor of 3982117?
False
Is 496 a factor of 14369449?
False
Is 2185 a factor of 63161834?
False
Is 93 a factor of 1939794?
True
Is 1751596 a multiple of 11?
True
Does 1179 divide 321939501?
False
Is 812645658 a multiple of 99?
True
Does 428 divide 249175180?
True
Is 136943568 a multiple of 348?
True
Is 23 a factor of 485938066?
True
Is 1043 a factor of 199978562?
True
Does 108 divide 110979447?
False
Is 22 a factor of 16482405?
False
Is 695 a factor of 189716535?
False
Is 6 a factor of 186029444?
False
Is 110465468 a multiple of 29?
False
Is 29 a factor of 564960861?
True
Does 226 divide 33059921?
False
Is 455 a factor of 805912633?
False
Is 61678531 a multiple of 705?
False
Is 738 a factor of 515582534?
False
Is 92236518 a multiple of 122?
False
Does 130 divide 95735380?
True
Is 18054765 a multiple of 13?
False
Is 7147426 a multiple of 746?
True
Does 14 divide 5709415120?
False
Is 399195882 a multiple of 76?
False
Does 1550 divide 52996050?
True
Is 338138864 a multiple of 7?
True
Does 17 divide 34316761?
True
Does 3004 divide 14707584?
True
Is 4 a factor of 5449158?
False
Is 621848241 a multiple of 7?
True
Is 881 a factor of 660716522?
True
Is 174 a factor of 21113645?
False
Is 59 a factor of 15482302?
False
Is 698171530 a multiple of 1330?
True
Does 14 divide 60968040?
True
Does 221 divide 311238383?
False
Is 1081760913 a multiple of 267?
True
Is 880 a factor of 22609840?
True
Is 21 a factor of 10426416?
True
Is 42016565 a multiple of 133?
False
Is 4 a factor of 17209040?
True
Is 4167 a factor of 852051492?
True
Does 11451 divide 112721524?
False
Is 17089493 a multiple of 19?
True
Is 15315146 a multiple of 4?
False
Is 113125123 a multiple of 40?
False
Is 1619 a factor of 408535222?
True
Is 573416146 a multiple of 36?
False
Is 139 a factor of 160695398?
True
Is 20335562 a multiple of 13?
True
Does 1893 divide 254779233?
False
Is 3369 a factor of 529910010?
True
Is 1608355787 a multiple of 18?
False
Is 87114181 a multiple of 2937?
False
Does 425 divide 70116075?
True
Is 7 a factor of 193367010?
False
Is 103050410 a multiple of 73?
False
Is 379590720 a multiple of 480?
True
Does 306 divide 9061578?
True
Is 19066802 a multiple of 86?
True
Is 23 a factor of 47015629?
False
Is 87583062 a multiple of 42?
True
Is 46 a factor of 3075418964?
True
Does 1630 divide 151350390?
True
Is 22870575 a multiple of 4095?
True
Does 2528 divide 100925581?
False
Is 13603769 a multiple of 14?
False
Is 320242324 a multiple of 27?
False
Is 49577697 a multiple of 12?
False
Is 56541155 a multiple of 23?
False
Is 310 a factor of 395401828?
False
Does 358 divide 131509077?
False
Is 228 a factor of 160791300?
True
Is 1031099 a multiple of 2?
False
Does 992 divide 351476693?
False
Does 92 divide 19560871?
False
Does 6490 divide 2770931460?
True
Is 69 a factor of 288320563?
False
Is 76088206 a multiple of 49?
False
Is 25972032 a multiple of 32?
True
Does 2074 divide 40889282?
False
Is 286076189 a multiple of 997?
True
Is 282605332 a multiple of 187?
False
Is 35271885 a multiple of 6?
False
Is 26333 a multiple of 74?
False
Is 11 a factor of 1668059219?
False
Is 1467314289 a multiple of 9?
True
Does 770 divide 73121510?
True
Is 3639 a factor of 417947462?
False
Does 3 divide 79878679?
False
Is 170374580 a multiple of 7022?
False
Does 54 divide 1957569631?
False
Is 29 a factor of 523918207?
False
Is 2649388520 a multiple of 4415?
True
Is 1945 a factor of 23893282?
False
Is 3733023833 a multiple of 77?
True
Is 122376945 a multiple of 709?
True
Does 871 divide 25691887?
True
Does 3625 divide 5094179875?
True
Is 381 a factor of 1494113706?
False
Is 6546950 a multiple of 25?
True
Is 20 a factor of 9109500?
True
Is 2671366815 a multiple of 190?
False
Is 3830044629 a multiple of 925?
False
Is 195 a factor of 222277762?
False
Is 1116 a factor of 41817126?
False
Does 4248 divide 201914374?
False
Is 621 a factor of 28752921?
True
Does 3 divide 36019335?
True
Is 247709160 a multiple of 38?
False
Is 63053832 a multiple of 45?
False
Is 13879102 a multiple of 3274?
False
Does 266 divide 501538212?
True
Is 8338005 a multiple of 1632?
False
Is 886549168 a multiple of 46?
True
Is 422906478 a multiple of 58?
True
Is 257 a factor of 84593193?
False
Is 993 a factor of 8153584957?
False
Does 70 divide 6182592?
False
Does 379 divide 650710760?
False
Is 12997722 a multiple of 617?
True
Is 742149584 a multiple of 477?
False
Is 182 a factor of 10321948?
True
Does 27 divide 214452635?
False
Does 9 divide 339984056?
False
Is 41097453 even?
False
Is 5045229 a multiple of 96?
False
Does 156 divide 86751132?
True
Is 85401132 a multiple of 15?
False
Is 7224 a factor of 434111832?
True
Is 160938528 a multiple of 1128?
True
Is 24 a factor of 164393223?
False
Is 20820218 a multiple of 191?
False
Is 218198316 a multiple of 316?
True
Is 637023288 a multiple of 256?
False
Is 224058731 a multiple of 403?
True
Does 632 divide 204051312?
True
Is 8 a factor of 13722596?
False
Is 8 a factor of 68121365?
False
Is 85047947 a multiple of 55?
False
Is 1086480390 a multiple of 1090?
True
Does 720 divide 71594640?
True
Is 71 a factor of 111470000?
True
Is 41 a factor of 265128345?
True
Is 243 a factor of 303575526?
True
Does 107 divide 288107023?
True
Is 76206934 a multiple of 2038?
True
Does 161 divide 1888489442?
False
Is 1287430961 a multiple of 17?
True
Is 4224 a factor of 3655064448?
False
Is 10 a factor of 98846069?
False
Is 105 a factor of 10877055?
True
Does 8 divide 22747656?
True
Does 988 divide 845587649?
False
Is 423184320 a multiple of 5715?
True
Does 23 divide 38261926?
True
Is 1071998767 a multiple of 97?
False
Is 13 a factor of 36473320?
True
Does 1730 divide 70170530?
True
Is 860077660 a multiple of 23?
False
Is 910673568 a multiple of 32?
True
Is 2767027866 a multiple of 55?
False
Is 58 a factor of 157171474?
True
Does 40 divide 687500240?
True
Is 22 a factor of 45171016?
True
Is 24137856 a multiple of 92?
True
Is 3553 a factor of 49894779?
True
Is 428 a factor 